composite?
True
Suppose 2*w + 20 = 4*p, -3*w - 8*p + 20 = -4*p. Is 1/(2/1038) - w composite?
True
Is ((-37843)/(-26))/(((-6)/(-4))/3) prime?
False
Suppose -4*v = -61 + 41, -5*v = -5*m + 35590. Is m a prime number?
False
Suppose 477*c - 483*c + 26346 = 0. Is c composite?
False
Suppose 3*j - 4*y = -j - 8, -j - 4*y = -18. Is 6/8*j/3*446 a prime number?
True
Let h(x) = 34*x - 73*x - 31*x + 7 + 30. Is h(-9) composite?
True
Let a(s) = -3*s - 7. Let c be a(-6). Let k = 13 - c. Suppose k*q + 70 = 4*q. Is q a prime number?
False
Is 1594/((-3)/((-15)/10)) a composite number?
False
Suppose -5*f = 3*b + 452, -2*b + 5*f = 2*b + 661. Let q = 232 - b. Is q a composite number?
True
Let n(t) be the second derivative of -t**5/10 + t**4/12 - t**3/6 + 4*t. Let y be n(-2). Is (-26)/(-1)*y/4 prime?
False
Suppose 19*b - 1311781 = 104992. Is b a composite number?
False
Let y(v) = -32*v - 40. Let m(u) = -2*u - 1. Let z(t) = -5*m(t) + y(t). Is z(-8) composite?
True
Suppose 0 = 315*q - 317*q + 246970. Is q prime?
False
Let k(h) = -h**2 + 18*h + 10. Let f be (-25 - -44) + 4*-1. Is k(f) prime?
False
Suppose -3*v - 105 = -8*v. Is (-6402)/(-21) - 1*(-3)/v prime?
False
Suppose -32 = 4*w + 28. Let p(h) be the first derivative of -h**4/4 - 11*h**3/3 - 9*h**2/2 + 8*h + 25. Is p(w) composite?
True
Suppose -3*d + 1029 = -2274. Let y = 2834 - d. Is y prime?
True
Let h = 2307 + -1928. Is h a composite number?
False
Let t = 38706 + -26371. Is t a prime number?
False
Let z be (15/(-20))/1 - (-8622)/8. Suppose 0*t - 2*m - 3221 = -3*t, t = 4*m + z. Is t a composite number?
True
Suppose 0 = 4*l + 12, -8*l + 250294 = 5*k - 11*l. Is k prime?
False
Suppose 4*b - 987 = -r, -3*b = 3*r + b - 2977. Is r a prime number?
False
Suppose 0*s + b - 11563 = -s, -5*s - b + 57795 = 0. Is s composite?
True
Let i(l) = l**2 + 3*l - 1. Let d be i(-5). Suppose -d*k = -1662 - 2019. Is k composite?
False
Suppose 4*u = -2*n + 8, -5 = -3*u - 0*u - 2*n. Suppose u*s = -0*s + 336. Suppose -2*d - 3*j = -882, d - s = -2*j + 327. Is d composite?
True
Suppose d - 2*d + 2 = 0. Suppose 4*u = k - 9, d*u - 1 = -3. Suppose 5*g - 335 = k*z, g - 3*z - 46 - 21 = 0. Is g composite?
False
Suppose 0*z = -4*z + 3*i + 8, 4*i - 36 = -4*z. Suppose 0 = 3*g - j - 417, 0 = -z*g - 4*j + j + 695. Is g a prime number?
True
Let r = -9459 + 4222. Let d = 7336 + r. Is d prime?
True
Suppose 33 = -5*p + s, 0*p + 21 = -4*p - s. Let w be (-2)/6 + 190/p. Is ((-53)/4)/(4/w) composite?
True
Let l = -3 - -2. Let c be (-1 - -2)/1*l. Is 1/(-3*c/885) composite?
True
Let f = 65 + 406. Is f prime?
False
Let h(i) = -i + 12. Let o be h(18). Let w(k) = -107*k + 7. Is w(o) a prime number?
False
Let g be (0/2 + -2)*(-2 - 12). Suppose -g*n = -33*n + 3745. Is n prime?
False
Suppose -4*j = 2*b - 11 - 11, -3*b = 3. Let h(r) = -78*r + 0 + 38*r - 9 + 53*r. Is h(j) composite?
True
Let l be (-1 + 0 + 1)*(-5)/(-5). Suppose l = -4*b - 478 + 1506. Is b prime?
True
Let i(u) = 165*u**2 - 3*u - 1. Let y(q) = q**3 - q - 1. Let z = 4 - 5. Let s be y(z). Is i(s) composite?
False
Let f(u) = 3*u**2 - 13*u + 11. Let j = 50 + -43. Is f(j) prime?
True
Let s(b) = 23*b**2 + 1. Let y be s(-1). Suppose 6*f - y = -0*f. Suppose o - 3 - f = 0. Is o composite?
False
Let g(m) = -10228*m**3 + 3*m + 4. Is g(-1) composite?
True
Let b = -1203 - -4658. Is b a composite number?
True
Let o(m) be the third derivative of m**5/15 - 7*m**4/24 + 29*m**2 - 1. Let c = -12 - -17. Is o(c) composite?
True
Is 133028/(-350)*5*10/(-4) a composite number?
False
Suppose -2*f - 18 = -0*f. Let w = 74 + -55. Let h = w + f. Is h prime?
False
Let k be (-6)/4*21232/(-24). Suppose 3*f + 28 = k. Suppose 0 = 3*p - f - 98. Is p prime?
False
Let j(i) = 110*i**2 + 4*i + 1. Let u be j(-5). Let o = 91 - 91. Suppose 4*r + o*k - 3613 = 3*k, -3*r + u = 2*k. Is r prime?
True
Let m be 149 - 4*(3 - 2). Suppose 2*n - m = n. Is n prime?
False
Let t = -9583 - -14405. Is t prime?
False
Let d be ((-32050)/200)/(2*(-1)/(-8)). Is (d - 0)/(0 - 1) composite?
False
Suppose 3*i - 7808 = -2*v, 3*v + 10*i - 11727 = 13*i. Is v a prime number?
True
Let i(f) = -2 - f + 2*f**2 - 6 - 33*f**3 + 3. Is i(-3) composite?
False
Let h be -1 + 4 - (-84)/(-4). Let x = 20 + h. Suppose 161 = t + x*p, 707 = 5*t - 3*p - 72. Is t composite?
False
Suppose 3*l = 4*p - 4, -l = -0*p + 2*p - 2. Let q be p/2 - (-15)/10. Is (-3)/q - 314/(-4) a composite number?
True
Suppose 0 = 2*a + 2*m + 22, -2*a - 2*m + 10 = -4*a. Is (9 + a)/((-1)/(-257)) a prime number?
True
Let i be (-2)/(-7) - 7645/77. Let q = 210 + i. Is q a composite number?
True
Let k be ((-26)/6)/((-2)/(-6)). Let s(t) = -52*t - 9. Is s(k) a composite number?
True
Let o(c) be the first derivative of c**3 - 10*c**2 + 6*c - 5. Let w be o(14). Suppose 5*h - w = 141. Is h a composite number?
True
Suppose -45*t + 9*t = -999612. Is t a composite number?
False
Suppose 20 = 4*c - 16. Suppose 5*g - c - 6 = 0. Suppose 0 = -g*o + 206 + 427. Is o a prime number?
True
Suppose -j = -s - 1 - 1, 5*s - 22 = -3*j. Suppose -4*g = -4*z + 1368, 3*z + z + 1005 = -3*g. Is g/(-12)*14*s a prime number?
False
Let b = 2 + 3. Suppose 3*m + 5*x + 787 = 23, -b*m + x - 1264 = 0. Let t = 380 - m. Is t composite?
True
Suppose 5*z - 847 = 2*z - y, -5*z + 1395 = 5*y. Suppose 0 = t + 2*m - 1075 + z, 3*m = 2*t - 1568. Is t a prime number?
True
Suppose -2*j + 3 = -j. Suppose 3*q - 2191 - 2264 = 3*r, 12 = -j*r. Is q a prime number?
True
Suppose 5*u = 5*x + 1395, -4*u - x + 1256 - 135 = 0. Suppose -3*f = -u - 140. Suppose s - f = 167. Is s a composite number?
False
Suppose -22*n + 139986 = -84832. Is n a composite number?
True
Let l be 9/(1 - (-4)/(-16)). Let m = l + -7. Suppose 4*v + 20 = 0, -4*v - 51 = 4*z - m*z. Is z a prime number?
True
Let z(w) = 41*w**2 - 6*w - 1. Let q(m) = -4*m + 16. Let y be q(3). Is z(y) a composite number?
False
Let g(m) = m + 14. Let l(z) = -z - 3. Let w(x) = 2*x + 5. Let f(t) = -5*l(t) - 3*w(t). Let d(r) = 2*f(r) - g(r). Is d(-12) prime?
False
Let a = 25 - 9. Let m = -17 + a. Is m + -3 + 1 + 340 composite?
False
Let b(g) = -g**3 - 4*g**2 + 11*g - 2. Suppose -5*a + 2*a = 6, -2*a - 4 = -5*l. Suppose -4*k - 4 = 2*y, l*y + 4*k - 52 = 5*y. Is b(y) prime?
False
Let h(d) = d**3 - 4*d**2 - 3*d + 24. Let y be 10/(40/66)*(-4)/(-6). Is h(y) a composite number?
True
Suppose o = -v - 30868, o - 3*v - 18418 + 49294 = 0. Is o/(-22) + (-52)/286 a prime number?
False
Suppose 48559 = -24*w + 73*w. Is w a composite number?
False
Suppose 23 = -2*z - 11. Let m = -15 - z. Suppose 3*k = g - m*g + 598, 5*k - 5*g = 990. Is k a composite number?
False
Suppose -5*s = 2*w - 15003, 5*w - s - 42097 = -4603. Is w a prime number?
True
Let f = -15435 - -25414. Is f a prime number?
False
Suppose -c = -3*c. Suppose 0 = 4*s - 12, 2*p + 2*s + 2*s - 14 = c. Is 4 + p/((-4)/(-1996)) a composite number?
False
Let p(o) be the third derivative of -o**5/40 + 119*o**4/24 - o**3/2 - 5*o**2. Let d(j) be the first derivative of p(j). Is d(0) a composite number?
True
Suppose -4*u - 1381 = -5*l, 0 = 5*u - l - l + 1705. Let k = 181 + -283. Let t = k - u. Is t prime?
False
Let x be -4 - -3 - (-1 - -36). Let d = 55 + x. Is d prime?
True
Let b(v) = 25*v - 39. Suppose -3*k + 16 = 5*n - 9, -n = -2*k - 18. Is b(n) a composite number?
True
Let x = 27 - 24. Suppose 0 = -p + 3*p + z - 42, 4*p - x*z = 64. Is p composite?
False
Is (13/3 - (-5)/(-15)) + 1357 prime?
True
Let r = -4 + 8. Suppose -29 + 5 = r*k. Let j(o) = -o**3 - 3*o**2 + 6*o + 7. Is j(k) a prime number?
True
Suppose -2*k + 486 = 4*k. Let f = -39 - 7. Let r = k - f. Is r a prime number?
True
Suppose f = -5*c + 35, -1 = c - 3*f - 8. Let s = c - 4. Suppose 0 = -5*t + 2*g + 245, s*t + 2*g = 6*g + 133. Is t prime?
False
Let b be -4 - 530 - (4 + -3 + 3). Let l = b - -1427. Is l a prime number?
False
Let m = 68 - 64. Suppose 4*f - 4*i + 3*i = 2803, -m*f - i = -2805. Is f prime?
True
Suppose -5*d = -4*t + 10714, 0*t + 8047 = 3*t + 2*d. Is t prime?
False
Let p be -12*((-4)/6 - 0). Let l be -1*(p + 1)/(-3). Is (62/l)/(2/15) prime?
False
Let s be 9/(-21) - 85/(-35). Let z be 0/s + (-1 - 2). Is 118/(-3)*z/2 a composite number?
False
Suppose 0 = 5*t + 1617 - 7657. Let a = t + 240. Let p = a + -979. Is p a composite number?
True
Let m(n) = n**3 - 2*n**2 - n - 3. Let h be m(3). Suppose 160 + 863 = h*j. Is j composite?
True
Sup